650?
2
What is the units digit of 771675006?
6
What is the ten thousands digit of 6077817415?
1
What is the hundred thousands digit of 3114389365?
3
What is the ten thousands digit of 66872025?
7
What is the millions digit of 318682226?
8
What is the hundreds digit of 146518637?
6
What is the ten millions digit of 418765398?
1
What is the units digit of 969537047?
7
What is the hundreds digit of 255401749?
7
What is the tens digit of 993797186?
8
What is the ten thousands digit of 1066448297?
4
What is the hundred millions digit of 5185696134?
1
What is the ten millions digit of 63290302?
6
What is the hundreds digit of 38269879?
8
What is the thousands digit of 18756791?
6
What is the ten millions digit of 1268655096?
6
What is the ten thousands digit of 8356708594?
0
What is the ten thousands digit of 353898931?
9
What is the thousands digit of 1194583421?
3
What is the ten thousands digit of 1197414998?
1
What is the units digit of 49359999?
9
What is the millions digit of 67558622?
7
What is the hundred thousands digit of 698622089?
6
What is the hundred thousands digit of 101953870?
9
What is the ten thousands digit of 95985576?
8
What is the ten millions digit of 764369269?
6
What is the ten thousands digit of 82257211?
5
What is the ten millions digit of 6572672995?
7
What is the hundred thousands digit of 216806941?
8
What is the units digit of 111106219?
9
What is the tens digit of 39831672?
7
What is the ten thousands digit of 15502737?
0
What is the millions digit of 67339615?
7
What is the ten thousands digit of 1081235645?
3
What is the hundred thousands digit of 115885582?
8
What is the tens digit of 833721184?
8
What is the thousands digit of 162819632?
9
What is the hundreds digit of 15237373?
3
What is the millions digit of 1330222890?
0
What is the units digit of 59429818?
8
What is the hundred millions digit of 678356768?
6
What is the ten millions digit of 559121387?
5
What is the ten millions digit of 3315854696?
1
What is the ten thousands digit of 16023483?
2
What is the units digit of 471911172?
2
What is the hundred thousands digit of 6606171?
6
What is the units digit of 13313760?
0
What is the hundred millions digit of 424793466?
4
What is the millions digit of 125241082?
5
What is the units digit of 140764946?
6
What is the hundred millions digit of 120877695?
1
What is the ten thousands digit of 137958111?
5
What is the thousands digit of 75542825?
2
What is the ten thousands digit of 168935932?
3
What is the units digit of 45917223?
3
What is the thousands digit of 1999118451?
8
What is the hundred millions digit of 196089297?
1
What is the hundred thousands digit of 62061827?
0
What is the tens digit of 17113650?
5
What is the hundred millions digit of 622913241?
6
What is the ten millions digit of 14896131?
1
What is the hundred thousands digit of 104053592?
0
What is the ten millions digit of 1274636658?
7
What is the units digit of 654685856?
6
What is the hundred millions digit of 4352669237?
3
What is the tens digit of 167082864?
6
What is the thousands digit of 369459081?
9
What is the units digit of 3315432679?
9
What is the ten millions digit of 1208989729?
0
What is the hundreds digit of 4375528?
5
What is the ten thousands digit of 89364311?
6
What is the ten thousands digit of 222993671?
9
What is the hundred millions digit of 262044275?
2
What is the ten millions digit of 88561522?
8
What is the hundred millions digit of 668038039?
6
What is the thousands digit of 401412380?
2
What is the tens digit of 205242853?
5
What is the millions digit of 603923628?
3
What is the hundred thousands digit of 183168072?
1
What is the hundred millions digit of 1804242209?
8
What is the units digit of 3966611391?
1
What is the hundred thousands digit of 1610183304?
1
What is the thousands digit of 2452060971?
0
What is the ten thousands digit of 35446597?
4
What is the ten thousands digit of 54542800?
4
What is the hundred millions digit of 204331647?
2
What is the hundred millions digit of 1516675854?
5
What is the hundred thousands digit of 3030729319?
7
What is the units digit of 5339918?
8
What is the units digit of 68413278?
8
What is the hundreds digit of 20540820?
8
What is the tens digit of 14852944?
4
What is the millions digit of 657871121?
7
What is the hundred millions digit of 207743648?
2
What is the units digit of 3733876311?
1
What is the ten thousands digit of 75073924?
7
What is the ten millions digit of 3196169161?
9
What is the units digit of 144238219?
9
What is the ten millions digit of 704344559?
0
What is the thousands digit of 523393864?
3
What is the tens digit of 40902160?
6
What is the tens digit of 16736376?
7
What is the ten thousands digit of 690225089?
2
What is the ten thousands digit of 1318240921?
4
What is the ten millions digit of 1760953468?
6
What is the hundred millions digit of 619697623?
6
What is the hundreds digit of 213576773?
7
What is the tens digit of 2059803664?
6
What is the ten millions digit of 2560310894?
6
What is the hundred thousands digit of 845510933?
5
What is the units digit of 1791342613?
3
What is the millions digit of 93538845?
3
What is the ten thousands digit of 21963412?
6
What is the hundreds digit of 382381114?
1
What is the units digit of 3608777259?
9
What is the units digit of 443344550?
0
What is the hundred thousands digit of 22600886?
6
What is the hundred thousands digit of 348440826?
4
What is the hundred millions digit of 454893782?
4
What is the millions digit of 2069218498?
9
What is the ten thousands digit of 879729499?
2
What is the millions digit of 11281167?
1
What is the hundreds digit of 92941373?
3
What is the thousands digit of 134296768?
6
What is the billions digit of 1457910339?
1
What is the ten millions digit of 146680059?
4
What is the hundred thousands digit of 212818051?
8
What is the ten millions digit of 158083224?
5
What is the thousands digit of 2994310080?
0
What is the tens digit of 29959840?
4
What is the hundred millions digit of 447875844?
4
What is the thousands digit of 43693191?
3
What is the hundreds digit of 460113672?
6
What is the tens digit of 1050123610?
1
What is the ten thousands digit of 276397042?
9
What is the hundreds digit of 37727667?
6
What is the hundred thousands digit of 6144100?
1
What is the hundred thousands digit of 440147669?
1
What is the millions digit of 3525428595?
5
What is the units digit of 381907026?
6
What is the units digit of 66273767?
7
What is the hundreds digit of 124170310?
3
What is the hundred thousands digit of 285366726?
3
What is the billions digit of 1870180992?
1
What is the ten thousands digit of 4364258432?
5
What is the hundred thousands digit of 1074753742?
7
What is the units digit of 2362397784?
4
What is the hundreds digit of 35295752?
7
What is the thousands digit of 402577660?
7
What is the ten thousands digit of 10427803?
2
What is the billions digit of 1339916088?
1
What is the hundred thousands digit of 22397377?
3
What is the ten thousands digit of 2849084470?
8
What is the millions digit of 100363621?
0
What is the hundreds digit of 2761923652?
6
What is the thousands digit of 355344927?
4
What is the millions digit of 1566928213?
6
What is the hundred thousands digit of 361331560?
3
What is the hundred thousands digit of 782647198?
6
What is the tens digit of 3728458831?
3
What is the ten millions digit of 358283642?
5
What is the tens digit of 362674371?
7
What is the thousands digit of 2240477046?
7
What is the hundred thousands digit of 448675336?
6
What is the millions digit of 275947950?
5
What is the ten thousands digit of 103750219?
5
What is the billions digit of 7224448281?
7
What is the tens digit of 1045555441?
4
What is the millions digit of 1999440?
1
What is the millions digit of 489433560?
9
What is the hundred thousands digit of 36660770?
6
What is the thousands digit of 491672917?
2
What is the tens digit of 261742968?
6
What is the tens digit of 664402659?
5
What is the ten thousands digit of 64170644?
7
What is the thousands digit of 38761?
8
What is the units digit of 102694486?
6
What is the ten thousands digit of 45861032?
6
What is the tens digit of 22298452?
5
What is the millions digit of 2928911562?
8
What is the hundreds 